- 21. Let q = 9 - u. Suppose -27 - q = -z. Calculate the greatest common factor of 12 and z.
6
Let o = 13 - -4. Suppose 17 = o*y - 34. What is the greatest common divisor of y and 9?
3
Let y(t) = 24*t - 147. Let q be y(14). Calculate the highest common divisor of q and 42.
21
Suppose -8*p + 7091 + 2669 = 0. Calculate the highest common factor of p and 20.
20
Suppose -p - 5 = -9. What is the greatest common divisor of 50 and p?
2
Let v = -542 + 623. What is the greatest common factor of v and 63?
9
Suppose n - 2*n = 172. Let k = -68 - n. Calculate the greatest common factor of k and 8.
8
Let a = 13 + 6. Suppose -a*y + 15*y = 8. Let d = 3 + y. Calculate the highest common divisor of d and 1.
1
Suppose 212 - 18 = y. Let q be y/10 - (-24)/(-60). Let u = q - 11. What is the highest common divisor of u and 4?
4
Let k = -197 + 198. Let n be 6/24 + 43/4. Calculate the greatest common factor of k and n.
1
Suppose 7*x - 4*x = 21. Let n(g) = g**2 - g - 6. Let k be n(5). Calculate the highest common factor of x and k.
7
Let l be (1 - 2)*-1 + -28. Let q = l + 3. Let u be (88/q)/((-2)/6). What is the highest common divisor of u and 1?
1
Let g(p) = 3*p**2 + 89*p - 1. Let f be g(-31). Calculate the highest common factor of 82 and f.
41
Let z(q) be the second derivative of q**4/12 - 5*q**3/6 + 3*q**2 - 28*q. Let t be z(9). What is the greatest common factor of 7 and t?
7
Let k be 26/14 - 43/(-301). Calculate the highest common divisor of 3 and k.
1
Let k be 2 + -1 - 27*1. Let d = k + 44. Let y(q) = q**3 - 8*q**2 - 6*q + 4. Let c be y(10). What is the greatest common divisor of d and c?
18
Let l = 83 + -80. Suppose -l*p + 130 = -p. What is the greatest common divisor of 5 and p?
5
Suppose 0 = -4*l + 5*u + 18, -11*u + 12*u = -l. Suppose 2*t = -4 + 14. Calculate the greatest common factor of l and t.
1
Let y = 22 + -22. Suppose 4*w - 2 - 106 = y. Calculate the greatest common divisor of 189 and w.
27
Suppose 3*i + 3*f = 67 + 119, 4*f = 2*i - 136. Calculate the greatest common divisor of i and 320.
64
Let z(s) = s**2 - 7*s - 15. Let o be z(9). Suppose w - 3*i = 29 - 0, 93 = o*w - 3*i. Calculate the highest common factor of w and 96.
32
Let w = 7 + -5. Calculate the greatest common factor of w and 11.
1
Suppose -3*a + 81 = -180. Calculate the highest common factor of a and 29.
29
Suppose 5*b - 34 - 56 = 0. Suppose 0 = 5*c - 20, 5*z = -5*c + b + 142. Suppose 2*j + 0*j = 56. Calculate the greatest common divisor of j and z.
28
Let h = -460 - -560. What is the highest common divisor of 80 and h?
20
Let y be ((-6)/(-72)*9)/((-1)/(-36)). What is the greatest common factor of y and 18?
9
Let w(t) = -5*t**2 + 78*t + 5. Let d be w(12). What is the highest common divisor of 13 and d?
13
Let v be 462/16 - (-12 + 1140/96). What is the greatest common factor of 29 and v?
29
Let v = 49 - 29. Let k(r) = 161*r + 1006. Let a be k(-6). Calculate the highest common factor of a and v.
20
Let j(w) = 100*w**2 + 2*w - 1. Let d be j(1). Suppose 0 = 4*z + c + 21, 5*z + 5*c + 10 = 4*z. Let y = d + z. What is the highest common factor of y and 12?
12
Suppose -t + 14 + 0 = 0. Suppose 14*v - 15*v + 2 = 0, 3*b - 5*v = 452. What is the greatest common factor of b and t?
14
Let k be 4/(3/(-12)*-10 + -2). Suppose -5*o - k*o + 39 = 0. Suppose -3*p = -2*h - 17, 3*p - 3*h = -4*h + 5. What is the greatest common divisor of p and o?
3
Let c(x) = x**3 + 6*x**2 - 9*x - 6. Let b be c(-7). Let k = b + -16. Let m be 46/k*(-16)/2. What is the greatest common divisor of m and 69?
23
Let m(q) = -34*q**3. Let f be m(-1). Suppose -2*x = -n - 16, -5*x + 5*n = n - f. Let y = -20 - -30. Calculate the highest common factor of y and x.
10
Let n(l) = -l + 4. Let g be n(0). Suppose 5 = -g*f - 379. Let q be (-4 + -1)*f/5. What is the greatest common factor of q and 24?
24
Let n be -6*1 - -2 - -1. Let x be n/1*(-8)/6. Calculate the highest common divisor of 6 and x.
2
Suppose -t = 2*j - 196, -3*t - 5 = j - 93. Suppose -a - 2*l + 42 = 0, l - 81 = 4*a - 6*a. Calculate the highest common divisor of a and j.
20
Suppose -k + 5*s + 108 = 0, 413 = 4*k + s - 2*s. Let p = k - 39. Calculate the highest common divisor of p and 160.
32
Let k be -58*3*7/(-6). Suppose 4*m = f - 30 + k, 4*f - 148 = -4*m. Let o be (-2)/8 - 75/(-12). Calculate the highest common divisor of m and o.
6
Let m = 43 - 4. Let d = 96 - m. Suppose -3*z + 6*z - d = 0. What is the highest common divisor of z and 76?
19
Let c = -51 + 61. Suppose -2 + 8 = p. Calculate the highest common factor of p and c.
2
Let j = 67 + -7. Let p = -75 - -90. Calculate the greatest common factor of p and j.
15
Suppose -4*w = 3*x - 56, -80 = 5*w - 9*w + 3*x. What is the highest common factor of w and 136?
17
Let v be 1132/14 - (-16)/112. Calculate the highest common factor of v and 9.
9
Suppose 469*w - 471*w = -52. What is the greatest common factor of 689 and w?
13
Let y be 1666/(-6) - 4/(-6). Suppose -s = -7*s - 1032. Let g = s - y. What is the greatest common factor of 15 and g?
15
Suppose -a + 120 = 3*a. Let j = -31 + 53. Let m = -7 + j. What is the highest common factor of a and m?
15
Let f be 3*(-6)/9*14/(-4). Suppose 50 = -f*l + 12*l. Let m(a) = a**2 - 7*a + 5. Let d be m(7). Calculate the greatest common factor of d and l.
5
Suppose -11*i + 1696 = 3*x - 16*i, x - 568 = -i. What is the highest common divisor of x and 3?
3
Let d be 31/6 + (-1)/6. Suppose 0 = -d*x + 7 + 173. What is the highest common divisor of x and 288?
36
Let j be (-19782)/(-81) + 14 + 2/(-9). Calculate the highest common factor of 6 and j.
6
Let b(d) = d**2 + 2*d - 7. Let p be b(-4). Suppose s + 2*q + 2*q = 7, -s - 2*q + 5 = 0. What is the highest common divisor of s and p?
1
Let o(v) = -6*v. Let y be o(1). Let x be (-12)/5*20/y. Let f be (-3)/((-3)/(-2)) + 90. What is the highest common divisor of x and f?
8
Let c(r) = r**3 + 10*r**2 + 2. Let m be c(-8). Let n = 26 + m. What is the greatest common divisor of n and 12?
12
Suppose 121*d - 14960 = 99*d. What is the highest common factor of d and 320?
40
Let d(q) = 15*q**2 + 12*q - 27. Let v be d(4). What is the highest common divisor of v and 18?
9
Suppose -4*k - 2*k + 12 = 0. Suppose 2*j = -3*g - 22, -1 = -g - 3*j - 13. Let d be 112/6 + 4/g. What is the greatest common divisor of d and k?
2
Let n(v) = 2*v**3 + 17*v**2 + 8*v + 5. Let w = 3 - 11. Let x be n(w). Calculate the greatest common divisor of x and 80.
5
Suppose -4*p - 17 = -45. Suppose -61 = -2*w - p. Calculate the highest common divisor of 189 and w.
27
Suppose 30*y - 164 = 28*y. Calculate the greatest common divisor of 2 and y.
2
Let v be 141 - -2*(-6 + 66/12). Calculate the greatest common divisor of 448 and v.
28
Let q(h) = h**2 + 7*h + 1. Let s be q(-8). Let w = -3104 + 3203. What is the greatest common divisor of s and w?
9
Let w = -23 - -23. Suppose 4*t - t = w. Let u = t - -6. What is the greatest common divisor of 54 and u?
6
Suppose -5*k + 2*k + 6 = 0. Let v be (-6)/(-10)*(-2 + 7). Suppose 4*z - k*z - 4*x = -14, v*x = -2*z + 14. What is the greatest common factor of 11 and z?
1
Let s(f) = -f**2 + 50*f + 60. Let u be s(31). What is the highest common divisor of u and 118?
59
Suppose 15*u + 1704 = 12669. Calculate the greatest common factor of u and 43.
43
Let j(h) = 8*h - 11. Let v be j(2). Suppose 0 = -r - r + 10. Suppose -v*y + r = -10. Calculate the greatest common divisor of 12 and y.
3
Let g(v) = -v**3 + 18*v**2 - 10*v - 11. Let m be g(17). Calculate the greatest common divisor of 54 and m.
54
Let t be (84/15)/((114/4260)/19). What is the greatest common divisor of 56 and t?
56
Let l(r) = 6*r - 16. Let z be l(11). Suppose 0 = -2*v + 5*t + 85, 5*v - 4*t = 271 - z. What is the highest common divisor of 5 and v?
5
Suppose -10*k - 2*k = -540. Let s = -34 + 64. Calculate the greatest common divisor of k and s.
15
Suppose 3*f = 5*f - 8. Let x be f/3*(-630)/(-12). Let y = 22 + 6. Calculate the greatest common factor of y and x.
14
Suppose 14*y - 11*y + 3*l - 48 = 0, 3*y - 2*l - 48 = 0. What is the greatest common factor of y and 24?
8
Let n = -6 + 8. Suppose -n*h + 0*h = -280. What is the highest common factor of 20 and h?
20
Suppose 10*h + 28 = 3*h. Let l be (h - -3)/(2/(-28)). Calculate the highest common divisor of 21 and l.
7
Let m(b) = 4*b**2 + 5*b - 58. Let j be m(8). Calculate the